{"id":169,"date":"2023-05-18T00:08:37","date_gmt":"2023-05-18T00:08:37","guid":{"rendered":"https:\/\/carzanet.com\/?page_id=169"},"modified":"2025-04-09T02:14:51","modified_gmt":"2025-04-09T02:14:51","slug":"servicios","status":"publish","type":"page","link":"https:\/\/carzanet.com\/index.php\/servicios\/","title":{"rendered":"Servicios"},"content":{"rendered":"\t\t<div data-elementor-type=\"wp-page\" data-elementor-id=\"169\" class=\"elementor elementor-169\">\n\t\t\t\t<div class=\"elementor-element elementor-element-6ee1c060 e-flex e-con-boxed e-con e-parent\" data-id=\"6ee1c060\" data-element_type=\"container\" data-e-type=\"container\" data-settings=\"{&quot;background_background&quot;:&quot;gradient&quot;}\">\n\t\t\t\t\t<div class=\"e-con-inner\">\n\t\t<div class=\"elementor-element elementor-element-2b68b7f9 e-flex e-con-boxed e-con e-parent\" data-id=\"2b68b7f9\" data-element_type=\"container\" data-e-type=\"container\">\n\t\t\t\t\t<div class=\"e-con-inner\">\n\t\t\t\t<div class=\"elementor-element elementor-element-e3cc4f7 animated-slow elementor-invisible elementor-widget elementor-widget-heading\" data-id=\"e3cc4f7\" data-element_type=\"widget\" data-e-type=\"widget\" data-settings=\"{&quot;_animation&quot;:&quot;slideInUp&quot;}\" data-widget_type=\"heading.default\">\n\t\t\t\t\t<h2 class=\"elementor-heading-title elementor-size-default\">SERVICIOS<\/h2>\t\t\t\t<\/div>\n\t\t\t\t\t<\/div>\n\t\t\t\t<\/div>\n\t\t<div class=\"elementor-element elementor-element-4c101672 e-flex e-con-boxed e-con e-parent\" data-id=\"4c101672\" data-element_type=\"container\" data-e-type=\"container\">\n\t\t\t\t\t<div class=\"e-con-inner\">\n\t\t<div class=\"elementor-element elementor-element-2bc73080 e-con-full e-flex e-con e-parent\" data-id=\"2bc73080\" data-element_type=\"container\" data-e-type=\"container\">\n\t\t\t\t<div class=\"elementor-element elementor-element-67862196 elementor-widget elementor-widget-heading\" data-id=\"67862196\" data-element_type=\"widget\" data-e-type=\"widget\" data-widget_type=\"heading.default\">\n\t\t\t\t\t<h1 class=\"elementor-heading-title elementor-size-small\">AI AND IOTHING<\/h1>\t\t\t\t<\/div>\n\t\t\t\t<div class=\"elementor-element elementor-element-308a7ec5 elementor-position-top elementor-widget elementor-widget-image-box\" data-id=\"308a7ec5\" data-element_type=\"widget\" data-e-type=\"widget\" data-widget_type=\"image-box.default\">\n\t\t\t\t\t<div class=\"elementor-image-box-wrapper\"><figure class=\"elementor-image-box-img\"><img fetchpriority=\"high\" decoding=\"async\" width=\"576\" height=\"324\" src=\"https:\/\/carzanet.com\/wp-content\/uploads\/2024\/10\/Navy-Tech-para-RRSS-3.gif\" class=\"elementor-animation-grow attachment-full size-full wp-image-878\" alt=\"\" \/><\/figure><div class=\"elementor-image-box-content\"><p class=\"elementor-image-box-description\">En Carzanet, ofrecemos soluciones con Inteligencia Artificial e IoT que transforman tu negocio. Con servicios como mantenimiento predictivo, detecci\u00f3n de fraudes y gesti\u00f3n de inventarios, optimizamos la eficiencia y competitividad de tu empresa, ayud\u00e1ndote a anticipar problemas y maximizar la eficiencia  en cada \u00e1rea.<\/p><\/div><\/div>\t\t\t\t<\/div>\n\t\t\t\t<\/div>\n\t\t<div class=\"elementor-element elementor-element-7dd60966 e-con-full e-flex e-con e-parent\" data-id=\"7dd60966\" data-element_type=\"container\" data-e-type=\"container\">\n\t\t\t\t<div class=\"elementor-element elementor-element-194d418 elementor-widget elementor-widget-heading\" data-id=\"194d418\" data-element_type=\"widget\" data-e-type=\"widget\" data-widget_type=\"heading.default\">\n\t\t\t\t\t<h3 class=\"elementor-heading-title elementor-size-default\">DIGITAL BUSINESS<\/h3>\t\t\t\t<\/div>\n\t\t\t\t<div class=\"elementor-element elementor-element-66256f72 elementor-position-top elementor-widget elementor-widget-image-box\" data-id=\"66256f72\" data-element_type=\"widget\" data-e-type=\"widget\" data-widget_type=\"image-box.default\">\n\t\t\t\t\t<div class=\"elementor-image-box-wrapper\"><figure class=\"elementor-image-box-img\"><img decoding=\"async\" width=\"576\" height=\"324\" src=\"https:\/\/carzanet.com\/wp-content\/uploads\/2024\/10\/DIGITAL.gif\" class=\"elementor-animation-grow attachment-full size-full wp-image-890\" alt=\"\" \/><\/figure><div class=\"elementor-image-box-content\"><p class=\"elementor-image-box-description\">Da el salto en linea de forma sencilla, tenemos el dominio perfecto para tu negocio, en carzanet le damos direccion web a sus ideas, desarrollamos atractivas p\u00e1ginas web y optimizamos tus redes sociales.\n\nAumenta tus ventas con nuestras campa\u00f1as y promociones. \n\n\u00a1Cont\u00e1ctanos y transforma tu negocio hoy mismo, estas a un solo click!<\/p><\/div><\/div>\t\t\t\t<\/div>\n\t\t\t\t<\/div>\n\t\t<div class=\"elementor-element elementor-element-7646904 e-con-full e-flex e-con e-parent\" data-id=\"7646904\" data-element_type=\"container\" data-e-type=\"container\">\n\t\t\t\t<div class=\"elementor-element elementor-element-606cd312 elementor-widget elementor-widget-heading\" data-id=\"606cd312\" data-element_type=\"widget\" data-e-type=\"widget\" data-widget_type=\"heading.default\">\n\t\t\t\t\t<h3 class=\"elementor-heading-title elementor-size-default\">NETWORK SOLUTIONS<\/h3>\t\t\t\t<\/div>\n\t\t\t\t<div class=\"elementor-element elementor-element-699e21e5 elementor-position-top elementor-widget elementor-widget-image-box\" data-id=\"699e21e5\" data-element_type=\"widget\" data-e-type=\"widget\" data-widget_type=\"image-box.default\">\n\t\t\t\t\t<div class=\"elementor-image-box-wrapper\"><figure class=\"elementor-image-box-img\"><img decoding=\"async\" width=\"576\" height=\"324\" src=\"https:\/\/carzanet.com\/wp-content\/uploads\/2024\/10\/NETWORK.gif\" class=\"elementor-animation-grow attachment-full size-full wp-image-888\" alt=\"\" \/><\/figure><div class=\"elementor-image-box-content\"><p class=\"elementor-image-box-description\">Maximiza la eficiencia y seguridad de tus redes de informaci\u00f3n con nuestras soluciones empresariales. Ofrecemos gesti\u00f3n de redes h\u00edbridas, instalaci\u00f3n y configuraci\u00f3n de servicios de red, seguridad avanzada, cableado estructurado y expertise en fibra \u00f3ptica y redes inal\u00e1mbricas. Nuestro equipo de especialistas en troubleshooting est\u00e1 listo para resolver cualquier problema. Cont\u00e1ctanos ahora mismo y lleva tu empresa al siguiente nivel.<\/p><\/div><\/div>\t\t\t\t<\/div>\n\t\t\t\t<\/div>\n\t\t<div class=\"elementor-element elementor-element-a53aeb9 e-con-full e-flex e-con e-parent\" data-id=\"a53aeb9\" data-element_type=\"container\" data-e-type=\"container\">\n\t\t\t\t<div class=\"elementor-element elementor-element-3662e5a elementor-widget elementor-widget-heading\" data-id=\"3662e5a\" data-element_type=\"widget\" data-e-type=\"widget\" data-widget_type=\"heading.default\">\n\t\t\t\t\t<h3 class=\"elementor-heading-title elementor-size-default\">cyber SECURITY<\/h3>\t\t\t\t<\/div>\n\t\t\t\t<div class=\"elementor-element elementor-element-b123324 elementor-position-top elementor-widget elementor-widget-image-box\" data-id=\"b123324\" data-element_type=\"widget\" data-e-type=\"widget\" data-widget_type=\"image-box.default\">\n\t\t\t\t\t<div class=\"elementor-image-box-wrapper\"><figure class=\"elementor-image-box-img\"><img loading=\"lazy\" decoding=\"async\" width=\"576\" height=\"324\" src=\"https:\/\/carzanet.com\/wp-content\/uploads\/2024\/10\/CIBERSECURITY.gif\" class=\"elementor-animation-grow attachment-full size-full wp-image-883\" alt=\"\" \/><\/figure><div class=\"elementor-image-box-content\"><p class=\"elementor-image-box-description\">En un entorno digital cada vez m\u00e1s complejo, su Seguridad ya no es un lujo, sino una necesidad cr\u00edtica. En carzanet, ofrecemos Soluciones Integrales de Seguridad Informatica dise\u00f1ada para proteger sus sistemas, datos y reputaci\u00f3n frente a amenazas cibern\u00e9ticas en constante evoluci\u00f3n.<\/p><\/div><\/div>\t\t\t\t<\/div>\n\t\t\t\t<\/div>\n\t\t\t\t\t<\/div>\n\t\t\t\t<\/div>\n\t\t<div class=\"elementor-element elementor-element-7918f40 e-con-full e-flex e-con e-parent\" data-id=\"7918f40\" data-element_type=\"container\" data-e-type=\"container\">\n\t\t<div class=\"elementor-element elementor-element-d67542c e-con-full e-flex e-con e-parent\" data-id=\"d67542c\" data-element_type=\"container\" data-e-type=\"container\">\n\t\t\t\t<div class=\"elementor-element elementor-element-e5534a9 elementor-widget elementor-widget-heading\" data-id=\"e5534a9\" data-element_type=\"widget\" data-e-type=\"widget\" data-widget_type=\"heading.default\">\n\t\t\t\t\t<h1 class=\"elementor-heading-title elementor-size-small\">HELPDESK BUSINESS AND HOME<\/h1>\t\t\t\t<\/div>\n\t\t\t\t<div class=\"elementor-element elementor-element-627b02a elementor-position-top elementor-widget elementor-widget-image-box\" data-id=\"627b02a\" data-element_type=\"widget\" data-e-type=\"widget\" data-widget_type=\"image-box.default\">\n\t\t\t\t\t<div class=\"elementor-image-box-wrapper\"><figure class=\"elementor-image-box-img\"><img loading=\"lazy\" decoding=\"async\" width=\"576\" height=\"324\" src=\"https:\/\/carzanet.com\/wp-content\/uploads\/2024\/10\/HELPDESK.gif\" class=\"elementor-animation-grow attachment-full size-full wp-image-891\" alt=\"\" \/><\/figure><div class=\"elementor-image-box-content\"><p class=\"elementor-image-box-description\">Optimiza tus sistemas con nuestro servicio Helpdesk Business. Ofrecemos limpieza y optimizaci\u00f3n de software, actualizaci\u00f3n de hardware y configuraci\u00f3n de dispositivos,  Nuestros especialistas en Throubleshooting le brindan soporte 24\/7. Impulsa la transformaci\u00f3n digital de tu negocio con soluciones inform\u00e1ticas a medida. \u00a1Cont\u00e1ctanos y mejora tu rendimiento hoy mismo!<\/p><\/div><\/div>\t\t\t\t<\/div>\n\t\t\t\t<\/div>\n\t\t<div class=\"elementor-element elementor-element-4f5a190 e-con-full e-flex e-con e-parent\" data-id=\"4f5a190\" data-element_type=\"container\" data-e-type=\"container\">\n\t\t\t\t<div class=\"elementor-element elementor-element-21a7c0d elementor-widget elementor-widget-heading\" data-id=\"21a7c0d\" data-element_type=\"widget\" data-e-type=\"widget\" data-widget_type=\"heading.default\">\n\t\t\t\t\t<h1 class=\"elementor-heading-title elementor-size-small\">integra ops<\/h1>\t\t\t\t<\/div>\n\t\t\t\t<div class=\"elementor-element elementor-element-583c246 elementor-position-top elementor-widget elementor-widget-image-box\" data-id=\"583c246\" data-element_type=\"widget\" data-e-type=\"widget\" data-widget_type=\"image-box.default\">\n\t\t\t\t\t<div class=\"elementor-image-box-wrapper\"><figure class=\"elementor-image-box-img\"><img loading=\"lazy\" decoding=\"async\" width=\"576\" height=\"324\" src=\"https:\/\/carzanet.com\/wp-content\/uploads\/2024\/10\/INTEGRAOPS.gif\" class=\"elementor-animation-grow attachment-full size-full wp-image-901\" alt=\"\" \/><\/figure><div class=\"elementor-image-box-content\"><p class=\"elementor-image-box-description\">Automatizamos tus procesos mecanicos con Tecnologia Operacional, reduciendo tiempo y maximizando la eficiencia de sus operaciones.<\/p><\/div><\/div>\t\t\t\t<\/div>\n\t\t\t\t<\/div>\n\t\t<div class=\"elementor-element elementor-element-7f68bdf e-con-full e-flex e-con e-parent\" data-id=\"7f68bdf\" data-element_type=\"container\" data-e-type=\"container\">\n\t\t\t\t<\/div>\n\t\t<div class=\"elementor-element elementor-element-445912b e-con-full e-flex e-con e-parent\" data-id=\"445912b\" data-element_type=\"container\" data-e-type=\"container\">\n\t\t\t\t<\/div>\n\t\t\t\t<\/div>\n\t\t\t\t\t<\/div>\n\t\t\t\t<\/div>\n\t\t\t\t<\/div>\n\t\t","protected":false},"excerpt":{"rendered":"<p>SERVICIOS AI AND IOTHING En Carzanet, ofrecemos soluciones con Inteligencia Artificial e IoT que transforman tu negocio. Con servicios como mantenimiento predictivo, detecci\u00f3n de fraudes y gesti\u00f3n de inventarios, optimizamos la eficiencia y competitividad de tu empresa, ayud\u00e1ndote a anticipar problemas y maximizar la eficiencia en cada \u00e1rea. DIGITAL BUSINESS Da el salto en linea [&hellip;]<\/p>\n","protected":false},"author":1,"featured_media":0,"parent":0,"menu_order":0,"comment_status":"closed","ping_status":"closed","template":"","meta":{"site-sidebar-layout":"no-sidebar","site-content-layout":"page-builder","ast-site-content-layout":"default","site-content-style":"default","site-sidebar-style":"default","ast-global-header-display":"","ast-banner-title-visibility":"","ast-main-header-display":"","ast-hfb-above-header-display":"","ast-hfb-below-header-display":"","ast-hfb-mobile-header-display":"","site-post-title":"disabled","ast-breadcrumbs-content":"","ast-featured-img":"disabled","footer-sml-layout":"","ast-disable-related-posts":"","theme-transparent-header-meta":"","adv-header-id-meta":"","stick-header-meta":"","header-above-stick-meta":"","header-main-stick-meta":"","header-below-stick-meta":"","astra-migrate-meta-layouts":"default","ast-page-background-enabled":"default","ast-page-background-meta":{"desktop":{"background-color":"var(--ast-global-color-4)","background-image":"","background-repeat":"repeat","background-position":"center center","background-size":"auto","background-attachment":"scroll","background-type":"","background-media":"","overlay-type":"","overlay-color":"","overlay-opacity":"","overlay-gradient":""},"tablet":{"background-color":"","background-image":"","background-repeat":"repeat","background-position":"center center","background-size":"auto","background-attachment":"scroll","background-type":"","background-media":"","overlay-type":"","overlay-color":"","overlay-opacity":"","overlay-gradient":""},"mobile":{"background-color":"","background-image":"","background-repeat":"repeat","background-position":"center center","background-size":"auto","background-attachment":"scroll","background-type":"","background-media":"","overlay-type":"","overlay-color":"","overlay-opacity":"","overlay-gradient":""}},"ast-content-background-meta":{"desktop":{"background-color":"var(--ast-global-color-5)","background-image":"","background-repeat":"repeat","background-position":"center center","background-size":"auto","background-attachment":"scroll","background-type":"","background-media":"","overlay-type":"","overlay-color":"","overlay-opacity":"","overlay-gradient":""},"tablet":{"background-color":"var(--ast-global-color-5)","background-image":"","background-repeat":"repeat","background-position":"center center","background-size":"auto","background-attachment":"scroll","background-type":"","background-media":"","overlay-type":"","overlay-color":"","overlay-opacity":"","overlay-gradient":""},"mobile":{"background-color":"var(--ast-global-color-5)","background-image":"","background-repeat":"repeat","background-position":"center center","background-size":"auto","background-attachment":"scroll","background-type":"","background-media":"","overlay-type":"","overlay-color":"","overlay-opacity":"","overlay-gradient":""}},"footnotes":""},"class_list":["post-169","page","type-page","status-publish","hentry"],"_links":{"self":[{"href":"https:\/\/carzanet.com\/index.php\/wp-json\/wp\/v2\/pages\/169","targetHints":{"allow":["GET"]}}],"collection":[{"href":"https:\/\/carzanet.com\/index.php\/wp-json\/wp\/v2\/pages"}],"about":[{"href":"https:\/\/carzanet.com\/index.php\/wp-json\/wp\/v2\/types\/page"}],"author":[{"embeddable":true,"href":"https:\/\/carzanet.com\/index.php\/wp-json\/wp\/v2\/users\/1"}],"replies":[{"embeddable":true,"href":"https:\/\/carzanet.com\/index.php\/wp-json\/wp\/v2\/comments?post=169"}],"version-history":[{"count":163,"href":"https:\/\/carzanet.com\/index.php\/wp-json\/wp\/v2\/pages\/169\/revisions"}],"predecessor-version":[{"id":915,"href":"https:\/\/carzanet.com\/index.php\/wp-json\/wp\/v2\/pages\/169\/revisions\/915"}],"wp:attachment":[{"href":"https:\/\/carzanet.com\/index.php\/wp-json\/wp\/v2\/media?parent=169"}],"curies":[{"name":"wp","href":"https:\/\/api.w.org\/{rel}","templated":true}]}}